{"id":232,"date":"2025-09-22T17:20:56","date_gmt":"2025-09-22T15:20:56","guid":{"rendered":"https:\/\/eureloy.eu\/?page_id=232"},"modified":"2026-03-13T18:00:21","modified_gmt":"2026-03-13T17:00:21","slug":"liste-des-confreries-de-st-eloi-membres-deureloy","status":"publish","type":"page","link":"https:\/\/eureloy.eu\/?page_id=232","title":{"rendered":"Liste des Confr\u00e9ries de St Eloi, membres d&rsquo;Eureloy"},"content":{"rendered":"\n<p><strong>Confr\u00e9ries Fran\u00e7aises<\/strong><\/p>\n\n\n\n<p>Confr\u00e9rie des Marguilliers de St Eloi de Noyon \u2013 Oise (60)<\/p>\n\n\n\n<p>Confr\u00e9rie de St Eloi &#8211; Ordre de la Cha\u00eene et de la Cl\u00e9 d&rsquo;Or. Paris.<\/p>\n\n\n\n<p>Confr\u00e9rie de St Eloi Senlis, Oise (60)<\/p>\n\n\n\n<p>Confr\u00e9rie de St Eloi en Limousin \u2013 Chaptelat \u2013 Haute \u2013Vienne (87)<\/p>\n\n\n\n<p>Renaissance Solignac Haute-Vienne (87)<\/p>\n\n\n\n<p>&nbsp;Confr\u00e9rie St Eloi d&rsquo;Arras Pas de Calais (62)<\/p>\n\n\n\n<p>Association Culturelle de St Eloi de Crocq \u2013 Creuse (23)<\/p>\n\n\n\n<p>Confr\u00e9rie de St Eloi 13150 Boulbon<\/p>\n\n\n\n<p>Confr\u00e9rie de St Eloi 13160 Chateaurenard<\/p>\n\n\n\n<p>Confr\u00e9rie de St Eloi 13630 Eyragues<\/p>\n\n\n\n<p>Confr\u00e9rie de St Eloi 13910 Maillane<\/p>\n\n\n\n<p>Confr\u00e9rie de St Eloi de Moll\u00e9g\u00e8s (Bouches du Rhone) 13<\/p>\n\n\n\n<p>Confr\u00e9rie de St Eloi 13550 Noves<\/p>\n\n\n\n<p>Confr\u00e9rie de St Eloi en Provence 13 Rognonas<\/p>\n\n\n\n<p>Confr\u00e9rie de St Eloi 13103 St Etienne du Gr\u00e8s<\/p>\n\n\n\n<p>Confr\u00e9rie de St Eloi &#8211; 13 St R\u00e9my de Provence<\/p>\n\n\n\n<p>&nbsp;Confr\u00e9rie de St Eloi de Tende (06) Alpes-Maritimes<\/p>\n\n\n\n<p>St Eloi de Maussanne 13 Bouches du Rhone.<\/p>\n\n\n\n<p>Groupe St Eloi de Ch\u00e2teau Gombert (13) Marseille<\/p>\n\n\n\n<p>Confr\u00e9rie des Charitables St Eloi B\u00e9thune (62) Pas de Calais.<\/p>\n\n\n\n<p>&nbsp;Confr\u00e9rie des Charitables St Eloi Beuvry Haut (62) Pas de Calais<\/p>\n\n\n\n<p>Confr\u00e9rie des Charitables St Eloi Beuvry Bas (62) Pas de Calais<\/p>\n\n\n\n<p>Confr\u00e9rie des Charitables de St Eloi de Dieval (62) Pas de Calais<\/p>\n\n\n\n<p>Confr\u00e9rie des Charitables de St Eloi de Festubert (62) Pas de Calais<\/p>\n\n\n\n<p>Confr\u00e9rie des Charitables de St Eloi&nbsp; de La Couture (62) Pas de Calais<\/p>\n\n\n\n<p>Confr\u00e9rie des Charitables de Lestrem &#8211; Ouest&nbsp; (62) Pas de Calais<\/p>\n\n\n\n<p>Confr\u00e9rie des Charitables de St Eloi de Locon Haut (62) Pas de Calais<\/p>\n\n\n\n<p>Confr\u00e9rie des Charitables de St Eloi de Locon la Lawe (62) Pas de Calais<\/p>\n\n\n\n<p>Confr\u00e9rie des Charitables de St Eloi d&rsquo;Annezin (62) Pas de Calais<\/p>\n\n\n\n<p><strong>Confr\u00e9ries Allemandes :<\/strong><\/p>\n\n\n\n<p>St Eligius Gilde Goch. Allemagne.<\/p>\n\n\n\n<p>St Eligius Gilde Kalkar 1392.Allemagne<\/p>\n\n\n\n<p>Elenden Br\u00fcderschaft St Eligius Witten Allemagne<\/p>\n\n\n\n<p><strong>Confr\u00e9ries Belges<\/strong><\/p>\n\n\n\n<p>Broederschap van Sint Eligius Antwerpen \u2013 Belgique<\/p>\n\n\n\n<p>Soci\u00e9t\u00e9 de St Eloi Bouillon Belgique<\/p>\n\n\n\n<p>Association Royale Confraternelle des Disciples de St Eloi &#8211; Jumet.Belgique<\/p>\n\n\n\n<p>Ambachtgilde Sint Elooi&nbsp; &#8211; Kalken \u2013 Belgique<\/p>\n\n\n\n<p>Confr\u00e9rie de St Eloi de Laneffe Belgique<\/p>\n\n\n\n<p>Confr\u00e9rie Sint Elooi \u2013Tielrode \u2013Belgique<\/p>\n\n\n\n<p>Broederschap van Sint Elooi \u2013 Meise \u2013Belgique<\/p>\n\n\n\n<p>Soci\u00e9t\u00e9 Royale St Eloi de Namur \u2013 Belgique<\/p>\n\n\n\n<p>Vriendenring Sint Elooi \u2013 Wommelgem &#8211; Belgique<\/p>\n\n\n\n<p><strong>Confr\u00e9rie Hollandaise<\/strong><\/p>\n\n\n\n<p>Vrienden van Eureloy \u2013 Utrecht \u2013 Nederland<\/p>\n\n\n\n<p><strong>Confr\u00e9ries Italiennes<\/strong><\/p>\n\n\n\n<p>Sant&rsquo;Eligio di Caraglio, Italia<\/p>\n\n\n\n<p>Sant&rsquo;Eligio di Chieri, Italia<\/p>\n\n\n\n<p>Sant&rsquo;Eligio di Dronero, Italia<\/p>\n\n\n\n<p>Sant&rsquo;Eligio di Fossano, Italia<\/p>\n\n\n\n<p>Sant&rsquo;Eligio di Rivarolo Canavese, Italia<\/p>\n\n\n\n<p>Sant&rsquo;Eligio di Rivoli, Italia<\/p>\n\n\n\n<p>Sant&rsquo;Eligio di Saluzzo, Italia<\/p>\n\n\n\n<p><strong>Confr\u00e9ries Italiennes en contact.<\/strong><\/p>\n\n\n\n<p>Sant&rsquo;Eligio degli Argentieri&nbsp; de Palermo, Italia,<\/p>\n\n\n\n<p>Arciconfraternite di Sant&rsquo;Eligio de&rsquo;Ferrari Roma, Italia<\/p>\n\n\n\n<p>Confraternita de Sant&rsquo;Eligio degli Orefici Roma, Italia<\/p>\n\n\n\n<p><strong>Confr\u00e9rie Catalane en contact.<\/strong><\/p>\n\n\n\n<p>Gremi de Serrallers de Catalunya, Barcelona, Catalunya- Espa\u00f1a<\/p>\n\n\n\n<p><strong>Confr\u00e9rie Suisse en contact :<\/strong><\/p>\n\n\n\n<p>Confr\u00e9rie St Eloi de Cugy FR<\/p>\n\n\n\n<p><\/p>\n","protected":false},"excerpt":{"rendered":"<p>Confr\u00e9ries Fran\u00e7aises Confr\u00e9rie des Marguilliers de St Eloi de Noyon \u2013 Oise (60) Confr\u00e9rie de St Eloi &#8211; Ordre de la Cha\u00eene et de la Cl\u00e9 d&rsquo;Or. Paris. Confr\u00e9rie de St Eloi Senlis, Oise (60) Confr\u00e9rie de St Eloi en&#8230; <a class=\"more-link\" href=\"https:\/\/eureloy.eu\/?page_id=232\">Continue Reading &rarr;<\/a><\/p>\n","protected":false},"author":1,"featured_media":0,"parent":0,"menu_order":0,"comment_status":"closed","ping_status":"closed","template":"template-nosidebar.php","meta":{"footnotes":""},"class_list":["post-232","page","type-page","status-publish","hentry"],"_links":{"self":[{"href":"https:\/\/eureloy.eu\/index.php?rest_route=\/wp\/v2\/pages\/232","targetHints":{"allow":["GET"]}}],"collection":[{"href":"https:\/\/eureloy.eu\/index.php?rest_route=\/wp\/v2\/pages"}],"about":[{"href":"https:\/\/eureloy.eu\/index.php?rest_route=\/wp\/v2\/types\/page"}],"author":[{"embeddable":true,"href":"https:\/\/eureloy.eu\/index.php?rest_route=\/wp\/v2\/users\/1"}],"replies":[{"embeddable":true,"href":"https:\/\/eureloy.eu\/index.php?rest_route=%2Fwp%2Fv2%2Fcomments&post=232"}],"version-history":[{"count":4,"href":"https:\/\/eureloy.eu\/index.php?rest_route=\/wp\/v2\/pages\/232\/revisions"}],"predecessor-version":[{"id":1044,"href":"https:\/\/eureloy.eu\/index.php?rest_route=\/wp\/v2\/pages\/232\/revisions\/1044"}],"wp:attachment":[{"href":"https:\/\/eureloy.eu\/index.php?rest_route=%2Fwp%2Fv2%2Fmedia&parent=232"}],"curies":[{"name":"wp","href":"https:\/\/api.w.org\/{rel}","templated":true}]}}