{"id":303,"date":"2025-09-24T18:40:34","date_gmt":"2025-09-24T16:40:34","guid":{"rendered":"https:\/\/eureloy.eu\/?page_id=303"},"modified":"2025-11-02T19:12:17","modified_gmt":"2025-11-02T18:12:17","slug":"belgique-belgie","status":"publish","type":"page","link":"https:\/\/eureloy.eu\/?page_id=303","title":{"rendered":"BELGIQUE &#8211; BELGI\u00cb."},"content":{"rendered":"\n<p>Cette page est r\u00e9serv\u00e9e aux Confr\u00e9ries de St Eloi Belges.<\/p>\n\n\n\n<p>Deze pagina is voorbehouden aan de Belgische broederschappen van Sint-Elooi. <\/p>\n","protected":false},"excerpt":{"rendered":"<p>Cette page est r\u00e9serv\u00e9e aux Confr\u00e9ries de St Eloi Belges. Deze pagina is voorbehouden aan de Belgische broederschappen van Sint-Elooi.<\/p>\n","protected":false},"author":1,"featured_media":0,"parent":0,"menu_order":5,"comment_status":"closed","ping_status":"closed","template":"template-nosidebar.php","meta":{"footnotes":""},"class_list":["post-303","page","type-page","status-publish","hentry"],"_links":{"self":[{"href":"https:\/\/eureloy.eu\/index.php?rest_route=\/wp\/v2\/pages\/303","targetHints":{"allow":["GET"]}}],"collection":[{"href":"https:\/\/eureloy.eu\/index.php?rest_route=\/wp\/v2\/pages"}],"about":[{"href":"https:\/\/eureloy.eu\/index.php?rest_route=\/wp\/v2\/types\/page"}],"author":[{"embeddable":true,"href":"https:\/\/eureloy.eu\/index.php?rest_route=\/wp\/v2\/users\/1"}],"replies":[{"embeddable":true,"href":"https:\/\/eureloy.eu\/index.php?rest_route=%2Fwp%2Fv2%2Fcomments&post=303"}],"version-history":[{"count":1,"href":"https:\/\/eureloy.eu\/index.php?rest_route=\/wp\/v2\/pages\/303\/revisions"}],"predecessor-version":[{"id":304,"href":"https:\/\/eureloy.eu\/index.php?rest_route=\/wp\/v2\/pages\/303\/revisions\/304"}],"wp:attachment":[{"href":"https:\/\/eureloy.eu\/index.php?rest_route=%2Fwp%2Fv2%2Fmedia&parent=303"}],"curies":[{"name":"wp","href":"https:\/\/api.w.org\/{rel}","templated":true}]}}