{"id":311,"date":"2025-09-24T19:02:08","date_gmt":"2025-09-24T17:02:08","guid":{"rendered":"https:\/\/eureloy.eu\/?page_id=311"},"modified":"2025-11-02T17:59:59","modified_gmt":"2025-11-02T16:59:59","slug":"confrerie-de-st-eloi-en-limousin","status":"publish","type":"page","link":"https:\/\/eureloy.eu\/?page_id=311","title":{"rendered":"Confr\u00e9rie de St Eloi en Limousin"},"content":{"rendered":"\n<p>Vous pouvez trouver plus d&rsquo;informations sur notre site \u00a0\u00bb eloi-chaptelat.fr \u00ab\u00a0<\/p>\n\n\n\n<figure class=\"wp-block-image size-full is-resized\"><img decoding=\"async\" src=\"http:\/\/eureloy.eu\/wp-content\/uploads\/2025\/10\/Baniere-Chaptelat-LR-7000-scaled.jpg\" alt=\"\" class=\"wp-image-574\" style=\"width:376px;height:auto\"\/><\/figure>\n\n\n\n<figure class=\"wp-block-image size-large is-resized\"><img loading=\"lazy\" decoding=\"async\" width=\"787\" height=\"1024\" src=\"http:\/\/eureloy.eu\/wp-content\/uploads\/2025\/09\/St-Eloi-email-Betourne-dec-15-g-787x1024.jpg\" alt=\"\" class=\"wp-image-356\" style=\"width:331px;height:auto\" srcset=\"https:\/\/eureloy.eu\/wp-content\/uploads\/2025\/09\/St-Eloi-email-Betourne-dec-15-g-787x1024.jpg 787w, https:\/\/eureloy.eu\/wp-content\/uploads\/2025\/09\/St-Eloi-email-Betourne-dec-15-g-230x300.jpg 230w, https:\/\/eureloy.eu\/wp-content\/uploads\/2025\/09\/St-Eloi-email-Betourne-dec-15-g-768x1000.jpg 768w, https:\/\/eureloy.eu\/wp-content\/uploads\/2025\/09\/St-Eloi-email-Betourne-dec-15-g-1180x1536.jpg 1180w, https:\/\/eureloy.eu\/wp-content\/uploads\/2025\/09\/St-Eloi-email-Betourne-dec-15-g-1573x2048.jpg 1573w, https:\/\/eureloy.eu\/wp-content\/uploads\/2025\/09\/St-Eloi-email-Betourne-dec-15-g-600x781.jpg 600w, https:\/\/eureloy.eu\/wp-content\/uploads\/2025\/09\/St-Eloi-email-Betourne-dec-15-g-945x1230.jpg 945w, https:\/\/eureloy.eu\/wp-content\/uploads\/2025\/09\/St-Eloi-email-Betourne-dec-15-g-scaled.jpg 1966w\" sizes=\"auto, (max-width: 787px) 100vw, 787px\" \/><\/figure>\n\n\n\n<p>St Eloi, \u00e9mail de Jean B\u00e9tourn\u00e9, Ma\u00eetre \u00e9mailleur Limousin. L&rsquo;artiste a donn\u00e9 son visage au Saint.<\/p>\n\n\n\n<p>Membre la Confr\u00e9rie de St Eloi en Limousin.<\/p>\n\n\n\n<figure class=\"wp-block-image size-large is-resized\"><img loading=\"lazy\" decoding=\"async\" width=\"630\" height=\"1024\" src=\"http:\/\/eureloy.eu\/wp-content\/uploads\/2025\/09\/St-Eloi-Vitrail-Betourne-dec-15-c-630x1024.jpg\" alt=\"\" class=\"wp-image-357\" style=\"width:315px;height:auto\" srcset=\"https:\/\/eureloy.eu\/wp-content\/uploads\/2025\/09\/St-Eloi-Vitrail-Betourne-dec-15-c-630x1024.jpg 630w, https:\/\/eureloy.eu\/wp-content\/uploads\/2025\/09\/St-Eloi-Vitrail-Betourne-dec-15-c-185x300.jpg 185w, https:\/\/eureloy.eu\/wp-content\/uploads\/2025\/09\/St-Eloi-Vitrail-Betourne-dec-15-c-768x1249.jpg 768w, https:\/\/eureloy.eu\/wp-content\/uploads\/2025\/09\/St-Eloi-Vitrail-Betourne-dec-15-c-945x1536.jpg 945w, https:\/\/eureloy.eu\/wp-content\/uploads\/2025\/09\/St-Eloi-Vitrail-Betourne-dec-15-c-1260x2048.jpg 1260w, https:\/\/eureloy.eu\/wp-content\/uploads\/2025\/09\/St-Eloi-Vitrail-Betourne-dec-15-c-600x976.jpg 600w, https:\/\/eureloy.eu\/wp-content\/uploads\/2025\/09\/St-Eloi-Vitrail-Betourne-dec-15-c-scaled.jpg 1575w\" sizes=\"auto, (max-width: 630px) 100vw, 630px\" \/><\/figure>\n\n\n\n<p>Vitrail, d&rsquo;apr\u00e8s un \u00e9mail de Jean B\u00e9tourn\u00e9.<\/p>\n\n\n\n<figure class=\"wp-block-image size-large is-resized\"><img loading=\"lazy\" decoding=\"async\" width=\"735\" height=\"1024\" src=\"http:\/\/eureloy.eu\/wp-content\/uploads\/2025\/09\/St-Eloi-10-aab-enclume-735x1024.jpg\" alt=\"\" class=\"wp-image-219\" style=\"width:319px;height:auto\" srcset=\"https:\/\/eureloy.eu\/wp-content\/uploads\/2025\/09\/St-Eloi-10-aab-enclume-735x1024.jpg 735w, https:\/\/eureloy.eu\/wp-content\/uploads\/2025\/09\/St-Eloi-10-aab-enclume-215x300.jpg 215w, https:\/\/eureloy.eu\/wp-content\/uploads\/2025\/09\/St-Eloi-10-aab-enclume-768x1070.jpg 768w, https:\/\/eureloy.eu\/wp-content\/uploads\/2025\/09\/St-Eloi-10-aab-enclume-600x836.jpg 600w, https:\/\/eureloy.eu\/wp-content\/uploads\/2025\/09\/St-Eloi-10-aab-enclume.jpg 864w\" sizes=\"auto, (max-width: 735px) 100vw, 735px\" \/><\/figure>\n\n\n\n<p>St Eloi, Chaptelat.<\/p>\n","protected":false},"excerpt":{"rendered":"<p>Vous pouvez trouver plus d&rsquo;informations sur notre site \u00a0\u00bb eloi-chaptelat.fr \u00ab\u00a0 St Eloi, \u00e9mail de Jean B\u00e9tourn\u00e9, Ma\u00eetre \u00e9mailleur Limousin. L&rsquo;artiste a donn\u00e9 son visage au Saint. Membre la Confr\u00e9rie de St Eloi en Limousin. Vitrail, d&rsquo;apr\u00e8s un \u00e9mail de&#8230; <a class=\"more-link\" href=\"https:\/\/eureloy.eu\/?page_id=311\">Continue Reading &rarr;<\/a><\/p>\n","protected":false},"author":1,"featured_media":0,"parent":0,"menu_order":0,"comment_status":"closed","ping_status":"closed","template":"template-nosidebar.php","meta":{"footnotes":""},"class_list":["post-311","page","type-page","status-publish","hentry"],"_links":{"self":[{"href":"https:\/\/eureloy.eu\/index.php?rest_route=\/wp\/v2\/pages\/311","targetHints":{"allow":["GET"]}}],"collection":[{"href":"https:\/\/eureloy.eu\/index.php?rest_route=\/wp\/v2\/pages"}],"about":[{"href":"https:\/\/eureloy.eu\/index.php?rest_route=\/wp\/v2\/types\/page"}],"author":[{"embeddable":true,"href":"https:\/\/eureloy.eu\/index.php?rest_route=\/wp\/v2\/users\/1"}],"replies":[{"embeddable":true,"href":"https:\/\/eureloy.eu\/index.php?rest_route=%2Fwp%2Fv2%2Fcomments&post=311"}],"version-history":[{"count":7,"href":"https:\/\/eureloy.eu\/index.php?rest_route=\/wp\/v2\/pages\/311\/revisions"}],"predecessor-version":[{"id":576,"href":"https:\/\/eureloy.eu\/index.php?rest_route=\/wp\/v2\/pages\/311\/revisions\/576"}],"wp:attachment":[{"href":"https:\/\/eureloy.eu\/index.php?rest_route=%2Fwp%2Fv2%2Fmedia&parent=311"}],"curies":[{"name":"wp","href":"https:\/\/api.w.org\/{rel}","templated":true}]}}